 t(z) = 2*z. Determine t(o).
4
Let r(d) = d + 4. Let h be r(0). Let a(f) = f**2 - 2*f. Determine a(h).
8
Suppose 0 = -4*b + 8, 5*f - 18 = 5*b - 3. Let a(g) = -2*g + 4. Give a(f).
-6
Suppose -3*o + 1 + 9 = -n, -2*n + 2*o = 4. Let m(s) = -8 + n + 0 + 2*s. Let d be m(5). Let y(u) = -u**2 + 2*u + 3. Give y(d).
-5
Let g(d) = d**3 + 3*d**2 - 2*d - 4. Let z be ((-4)/(-3))/((-4)/(-6)). Let p = -21 - -16. Let x = p + z. Give g(x).
2
Let h(q) = 1 + 1 - 3*q**2 - 5*q + 4 - 1 + q**3. Determine h(5).
30
Suppose 3*z - 42 + 12 = 0. Let v be (z/(-6))/(1/(-3)). Let b(j) = -3*j**2 - 8*j - 7. Let r(s) = s**2 + 4*s + 4. Let m(k) = 2*b(k) + 5*r(k). Determine m(v).
1
Let c(v) = -v**2 + 8*v + 50. Let o be c(12). Let h = 0 - 0. Suppose h = -6*x + o*x. Let w(q) = q**2 + 5. What is w(x)?
5
Suppose 8*p - 13 = 3*p + 3*t, 6 = p - 4*t. Let h(a) = -a**2 + 2*a + p*a**2 - a + 2. What is h(-2)?
4
Let a(u) = -u**2 - 24*u - 1. Let j be a(-24). Let l(y) = -4*y + 1. Determine l(j).
5
Suppose z + 3*q = -4, q - 2*q = 2*z - 2. Let d = -5 + z. Let b(v) = -2*v + 5. Let a(l) = l - 2. Let j(f) = 13*a(f) + 6*b(f). Calculate j(d).
1
Let n(b) = 2 - 5*b**2 + 0*b**2 + b**3 - 507*b + 507*b. Let v = 4 + 0. Suppose 3*j - 19 = -v. Determine n(j).
2
Let v(g) = -2*g - 13. Let r be v(-7). Let p(l) = -4*l - 1. What is p(r)?
-5
Let k(x) = -6*x + 1. Let p = -19 + 18. Determine k(p).
7
Let v(z) = 2 + z**2 + 5*z**2 - 2 - z**3 + 2 + 2*z. Give v(6).
14
Let t(j) be the first derivative of -j**4/4 + j**3 + 7*j**2/2 - 1. Suppose -25*v + 110 = -3*v. Give t(v).
-15
Let l = -47 - -52. Let u(g) = 2*g. What is u(l)?
10
Let i(t) = t - 1. Let d(y) = -2*y + 1. Let k(w) = 3*d(w) + 5*i(w). Determine k(3).
-5
Let d(m) = -4*m - 9. Let c(z) = 5*z - 1 + 5 + 5 + 1. Let v(l) = 5*c(l) + 6*d(l). Determine v(-4).
-8
Suppose 0 = 5*p + 1 + 4. Let o(g) be the first derivative of -1/2*g**2 - 1/2*g**4 + 0*g - 2 - 2/3*g**3. Give o(p).
1
Let q = 3 + -7. Let i(v) = v**2 + 4*v + 2. Let c be i(q). Let t(y) = y - 2. Let b(k) = 3. Let w(u) = c*b(u) + 3*t(u). Give w(2).
6
Let a(c) = -c**2 + 5*c - 4. Let u(n) = 3*n + 6. Let t be u(-8). Let w be 4/t + 224/36. Let g be (4/w)/(4/30). Calculate a(g).
-4
Let o be 30 + -26 + -1*5. Let g(c) = 18*c**2 + 2*c + 1. Give g(o).
17
Let s(v) = -2*v + 4. Let k(x) = 1. Let c(q) = 6*k(q) - s(q). Determine c(-9).
-16
Let s(m) = -m**2 + 4*m + 4. Let l = -6 + 8. Suppose 2*w + 4*q - 3*q - 12 = 0, 5*w + q = 24. Let h be (-1)/l - (-18)/w. Calculate s(h).
4
Let g(q) = -q**3 - q**2 + 2*q - 1. Let r = -6 - -8. Let d = -19 - -18. Let k be r - (d - -2 - 0). What is g(k)?
-1
Let o(j) = -3*j**2 - 5*j. Let g(u) = -u**2 - u. Let v(p) = 2*g(p) - o(p). Let k be v(-3). Suppose k*y = y + 3. Let x(m) = -m**2 + 3. Determine x(y).
-6
Suppose -107*f + 5 = -108*f. Let l(k) = k - 3. What is l(f)?
-8
Let i(r) = -r**2 + 2*r + 3. Suppose -2*n + 1 = -2*u + 5, 4*n - 27 = -3*u. Give i(u).
-12
Let t(i) = 9*i - 7. Let c(d) = 4*d - 3. Let r(v) = -7*c(v) + 3*t(v). Determine r(-6).
6
Let y(k) = k + 0*k**2 - k**3 + 4*k**2 - 3*k**2 - 2. What is y(0)?
-2
Let d(m) = -m + 1. Let b = 1 - -6. Let a = 13 - b. Let f(y) = -y + 6. Let l be f(a). What is d(l)?
1
Let f(r) be the first derivative of -1/3*r**3 + 4 - r + 3/2*r**2. Determine f(4).
-5
Let o(r) be the third derivative of r**6/120 - r**5/30 - r**4/24 - r**3/2 - 8*r**2. Determine o(3).
3
Let d(u) = -u + 12. Suppose -n - 1 = -2*n. Suppose g = 6 - n. Give d(g).
7
Let s(k) = -1 - 15*k - k**2 + 2 - 2 + 16*k. Determine s(2).
-3
Suppose 4*c - 23 - 5 = 0. Suppose -w + c*g - 3*g - 22 = 0, -w - 2*g = -8. Let p(i) be the first derivative of i**2/2 + i + 1. What is p(w)?
-1
Let o(v) = 84*v - 178*v - 1 + 93*v. Determine o(4).
-5
Let k = -5 + 8. Let h(j) = -2*j**2 - 5*j + 1. Let s(o) be the third derivative of -o**5/60 - o**4/24 + o**3/6 - 3*o**2. Let t(z) = k*s(z) - h(z). What is t(4)?
-6
Let g(j) = -5*j**3 + 7*j**2 - 5*j - 7. Let a(b) = -3*b**3 + 3*b**2 - 3*b - 4. Let h(m) = -7*a(m) + 4*g(m). Give h(-7).
-7
Let m be 10/6*(0 + -3). Let t(n) = n**3 + 6*n**2 + 4*n + 6. Calculate t(m).
11
Let d(k) = 7*k**2 - 6*k + 5. Let h(j) = -20*j**2 + 17*j - 15. Suppose 0 = -a + 6*a + 85. Let p(t) = a*d(t) - 6*h(t). Give p(0).
5
Let m(s) be the second derivative of s**8/6720 - s**7/2520 - s**6/720 - s**4/6 - 3*s. Let j(a) be the third derivative of m(a). Let z = -5 - -7. What is j(z)?
2
Let z(s) = 2*s - 22*s**2 + 0*s + 21*s**2 - 1. Let g(w) = -w**2 + 5*w**3 - 4*w**3 + 5*w + 1 - 5*w**2. Let f be g(5). Determine z(f).
0
Let l be (-28)/112 - 5/(-4). Let f(c) = -8*c**3 - 2*c**2 + 2*c - 1. Calculate f(l).
-9
Let s be 2/(-8) + 75/12. Let r = 8 + -3. Let v(c) = s*c + c - 3 + r + c**2 + 0*c. Calculate v(-5).
-8
Let d(a) be the second derivative of 5/6*a**3 + 1/6*a**4 - 1/20*a**5 + 0 - 2*a**2 + a. What is d(3)?
2
Let u(a) = -a + 7. Let j be 1*4 - (0 + 4). Determine u(j).
7
Let j be 34/(-6) - 4/(-6). Suppose -4 = y + 2*t - 6, 5 = y + 5*t. Let o = y + j. Let u(q) = -2*q - 6. What is u(o)?
4
Let t(h) = -3*h**2 + h + 1. Suppose -4*o = -r + 3, o + 3*r = -3*o - 7. What is t(o)?
-3
Let h(r) = -r - 3. Suppose 0 = -0*v + 5*v - 20. Suppose 4*d + w = -23 + 2, -3*d = v*w + 6. Give h(d).
3
Suppose a - 15 = -2*a. Let h(p) = -5*p**3 + 4 + 8*p**2 - 6*p**3 + 10*p**3 - a*p - 2*p**2. Calculate h(5).
4
Let z(u) = u**2 - u + 3. Let n be z(0). Suppose -2*b - 5*l + 1 = 0, -3 = -n*b + 4*b - l. Let g(t) = 2*t**2 - t + 2. Calculate g(b).
12
Let f(s) be the third derivative of 1/3*s**3 + 1/30*s**5 + 0 + s**2 - 5/24*s**4 + 0*s. Calculate f(3).
5
Let i(p) = p + 3 - 4*p - 2*p - 2*p**2. Determine i(-4).
-9
Let w(o) = o**3 + 7*o**2 + 2*o. Let z be (24/8)/((-9)/6 - -1). Calculate w(z).
24
Suppose -4*c = 4*i - 3*i + 16, i = -5*c - 21. Let x(b) = i*b + 4*b**2 + b**2 - 1 - 4*b**2. Let q = -7 - -2. Determine x(q).
4
Let b(v) be the second derivative of 0 - 1/6*v**3 - v - 2*v**2. Determine b(0).
-4
Let b(f) = 2*f - 3. Let l be b(4). Suppose -10 = l*i - 0*i + 3*t, -13 = -3*i + 2*t. Let h(u) = 3*u**3 + 0*u**3 - 2*u**3 + u**2. Calculate h(i).
2
Let l(p) = 14*p**3 - 38*p**2 - 27*p - 24. Let k(w) = -5*w**3 + 13*w**2 + 9*w + 8. Let b(g) = -17*k(g) - 6*l(g). Determine b(-6).
-10
Let m(f) = -f - 5. Let n be 28/(-3) - 1/(-3). Let w = n + 5. What is m(w)?
-1
Let r(h) = h**2 + 7*h + 3. Let t be r(-7). Suppose -12 = t*s - 7*s. Let q(l) = -l + 2*l**2 + s*l - 5*l. Calculate q(2).
2
Let p(a) = a + 2. Let j(f) = -f - 2. Let l(y) = 5*j(y) + 4*p(y). Let i = 7 + -5. Give l(i).
-4
Let g(l) = l**3 + 4*l**2 - 3*l - 1. Let b = 46 + -50. Calculate g(b).
11
Suppose 0 = -4*w + 5*w. Let x(v) = -1 - v**2 + v**3 + 1 - v - 12. Calculate x(w).
-12
Let i be -4 + (-3 + -1 - -5). Let b(o) = -o**2 - 4*o. Calculate b(i).
3
Suppose 4 = -5*m + 9. Let p(a) = m + 0 - 2*a + 3*a. Calculate p(-6).
-5
Let k(t) = 5*t**2 - t + 1. Let j be (-2)/(-8) + (-6)/(-8). What is k(j)?
5
Suppose -18 = -3*w - 0*w. Let l(i) be the third derivative of -i**5/60 + i**4/4 + 17*i**2 + 1. Determine l(w).
0
Let t be ((-108)/48)/((-3)/8). Suppose -6 = t*f - 0. Let n(a) = 4*a + 1. Give n(f).
-3
Let k(x) = x + 11. Let d be k(-6). Let u(r) = r**3 + 8*r**2 + 6*r - 7. Let y be u(-7). Let f(p) = y*p**2 - p**2 - 4 + 0*p**2 - d*p. Calculate f(-5).
-4
Let p(q) = 25*q**2 + 17*q + 9. Let z(h) = 6*h**2 + 4*h + 2. Let g(w) = 2*p(w) - 9*z(w). What is g(-2)?
-12
Let f(k) = -34*k + 20*k + 18*k + 4. What is f(-3)?
-8
Suppose -2*k - 4 + 0 = 0. Let i(d) = -d**3 - d**2 - 4*d - 3. Give i(k).
9
Let j(s) = s**2 - 7*s + 4. Let n = 24 + -9. Suppose -4*v = v - n. What is j(v)?
-8
Let m(h) = -h - 1. Let o(a) = -4*a - 3. Let w(x) = 3*m(x) - o(x). Suppose -7 = -31*c - 131. Determine w(c).
-4
Let h(t) = 5 + 5*t + 0 - 3*t. Give h(-4).
-3
Suppose 0 = 2*b + 3 + 1. Let p(s) = 3*s**2 + s - 4. Let l be p(b). Let h(o) = -o + 6. Give h(l).
0
Let m(i) = -i**3 + 6*i**2 - i - 2. Let d be (-9 - 3*(-1)/1)*-1. Give m(d).
-8
Let h(f) = 7*f**3 - 19*f**2 - 12*f - 10. Let c(b) = -10*b**3 + 28*b**2 + 18*b + 16. Let l(v) = -5*c(v) - 7*h(v). Give l(8).
6
Let a(z) = -z**3 - 5*z**2 - 4. Let g(u) = -26*u + 1. Let o be g(1). Let s = 20 + o. Give a(s).
-4
Suppose 3*f + 7 = 1. Let q = 0 - f. Let a(h) = -h**2 + 4 + 1 + 3*h + 1 - q. Calculate a(5).
-6
Let i(g) = 1. Let l(a) = 4*a - 8. Let b(h) = 12*i(h) + l(h). Calculate b(3).
16
Let r(d) = 2*d - 3. Suppose 4*k - 5*k = -5*g + 8, -3*k - 3*g +